{"id":2716,"date":"2022-01-11T19:05:01","date_gmt":"2022-01-11T19:05:01","guid":{"rendered":"https:\/\/montrealdanse.com\/?post_type=collaborateurs&#038;p=2716"},"modified":"2022-04-14T15:13:52","modified_gmt":"2022-04-14T15:13:52","slug":"sebastian-kann","status":"publish","type":"collaborateurs","link":"https:\/\/montrealdanse.com\/en\/people\/sebastian-kann\/","title":{"rendered":"Sebastian Kann"},"content":{"rendered":"<p>Sebastian Kann (he\/him) is a performer, theorist, dramaturg and performance maker. A graduate of the National Circus School in Montreal, his practice has been shaped by formative encounters with circus and dance communities in both Europe and North America. His most recent performance, <em>Always \/ Beautiful<\/em> (created in 2019 with Natalie Oleinik), asks questions about why and how to stage technical virtuosity in the context of exhausting, performance-oriented success culture. Kann is active as a writer, most recently co-editing <em>Thinking Through Circus <\/em>(APE Books, 2020), a collection of circus writing to which he also contributed a chapter. In his studio practice, he takes aim at collective fantasies of embodiment, autonomy, and spontaneity, in an attempt to make palpable some of the ways liberalism has rendered these concepts difficult, incoherent, or impossible. As a dramaturge, he works extensively with the independent circus scene in Qu\u00e9bec, supporting the creative processes of Emile Pineault, Fran\u00e7ois Bouvier, and the Chita Project (Anna Kichtchenko and Pablo Pramparo), among others.\u00a0 He lives in Montreal \/ Tiohti\u00e1:ke, on the expropriated land of the Kanien\u2019keh\u00e1:ka (Haudenosaunee Confederacy).<\/p>\n","protected":false},"excerpt":{"rendered":"<p>Sebastian Kann (he\/him) is a performer, theorist, dramaturg and performance maker. A graduate of the National Circus School in Montreal, his practice has been shaped by formative encounters with circus and dance communities in both Europe and North America. His most recent performance, Always \/ Beautiful (created in 2019 with Natalie Oleinik), asks questions about [&hellip;]<\/p>\n","protected":false},"author":1,"featured_media":2486,"menu_order":0,"template":"","meta":{"_acf_changed":false,"site-sidebar-layout":"default","site-content-layout":"default","ast-site-content-layout":"default","site-content-style":"default","site-sidebar-style":"default","ast-global-header-display":"","ast-banner-title-visibility":"","ast-main-header-display":"","ast-hfb-above-header-display":"","ast-hfb-below-header-display":"","ast-hfb-mobile-header-display":"","site-post-title":"","ast-breadcrumbs-content":"","ast-featured-img":"","footer-sml-layout":"","ast-disable-related-posts":"","theme-transparent-header-meta":"","adv-header-id-meta":"","stick-header-meta":"","header-above-stick-meta":"","header-main-stick-meta":"","header-below-stick-meta":"","astra-migrate-meta-layouts":"default","ast-page-background-enabled":"default","ast-page-background-meta":{"desktop":{"background-color":"","background-image":"","background-repeat":"repeat","background-position":"center center","background-size":"auto","background-attachment":"scroll","background-type":"","background-media":"","overlay-type":"","overlay-color":"","overlay-opacity":"","overlay-gradient":""},"tablet":{"background-color":"","background-image":"","background-repeat":"repeat","background-position":"center center","background-size":"auto","background-attachment":"scroll","background-type":"","background-media":"","overlay-type":"","overlay-color":"","overlay-opacity":"","overlay-gradient":""},"mobile":{"background-color":"","background-image":"","background-repeat":"repeat","background-position":"center center","background-size":"auto","background-attachment":"scroll","background-type":"","background-media":"","overlay-type":"","overlay-color":"","overlay-opacity":"","overlay-gradient":""}},"ast-content-background-meta":{"desktop":{"background-color":"var(--ast-global-color-5)","background-image":"","background-repeat":"repeat","background-position":"center center","background-size":"auto","background-attachment":"scroll","background-type":"","background-media":"","overlay-type":"","overlay-color":"","overlay-opacity":"","overlay-gradient":""},"tablet":{"background-color":"var(--ast-global-color-5)","background-image":"","background-repeat":"repeat","background-position":"center center","background-size":"auto","background-attachment":"scroll","background-type":"","background-media":"","overlay-type":"","overlay-color":"","overlay-opacity":"","overlay-gradient":""},"mobile":{"background-color":"var(--ast-global-color-5)","background-image":"","background-repeat":"repeat","background-position":"center center","background-size":"auto","background-attachment":"scroll","background-type":"","background-media":"","overlay-type":"","overlay-color":"","overlay-opacity":"","overlay-gradient":""}},"footnotes":""},"categories_collaborateurs":[47],"class_list":["post-2716","collaborateurs","type-collaborateurs","status-publish","has-post-thumbnail","hentry","categories_collaborateurs-collaborator"],"acf":[],"yoast_head":"<!-- This site is optimized with the Yoast SEO plugin v27.5 - https:\/\/yoast.com\/product\/yoast-seo-wordpress\/ -->\n<title>Sebastian Kann - Montr\u00e9al Danse<\/title>\n<meta name=\"robots\" content=\"index, follow, max-snippet:-1, max-image-preview:large, max-video-preview:-1\" \/>\n<link rel=\"canonical\" href=\"https:\/\/montrealdanse.com\/en\/people\/sebastian-kann\/\" \/>\n<meta property=\"og:locale\" content=\"en_US\" \/>\n<meta property=\"og:type\" content=\"article\" \/>\n<meta property=\"og:title\" content=\"Sebastian Kann - Montr\u00e9al Danse\" \/>\n<meta property=\"og:description\" content=\"Sebastian Kann (he\/him) is a performer, theorist, dramaturg and performance maker. A graduate of the National Circus School in Montreal, his practice has been shaped by formative encounters with circus and dance communities in both Europe and North America. His most recent performance, Always \/ Beautiful (created in 2019 with Natalie Oleinik), asks questions about [&hellip;]\" \/>\n<meta property=\"og:url\" content=\"https:\/\/montrealdanse.com\/en\/people\/sebastian-kann\/\" \/>\n<meta property=\"og:site_name\" content=\"Montr\u00e9al Danse\" \/>\n<meta property=\"article:publisher\" content=\"https:\/\/www.facebook.com\/montrealdanse\/\" \/>\n<meta property=\"article:modified_time\" content=\"2022-04-14T15:13:52+00:00\" \/>\n<meta property=\"og:image\" content=\"https:\/\/montrealdanse.com\/wp-content\/uploads\/2022\/01\/collaborateur-Sebastian-Kann.jpg\" \/>\n\t<meta property=\"og:image:width\" content=\"700\" \/>\n\t<meta property=\"og:image:height\" content=\"700\" \/>\n\t<meta property=\"og:image:type\" content=\"image\/jpeg\" \/>\n<meta name=\"twitter:card\" content=\"summary_large_image\" \/>\n<meta name=\"twitter:label1\" content=\"Est. reading time\" \/>\n\t<meta name=\"twitter:data1\" content=\"1 minute\" \/>\n<script type=\"application\/ld+json\" class=\"yoast-schema-graph\">{\"@context\":\"https:\\\/\\\/schema.org\",\"@graph\":[{\"@type\":\"WebPage\",\"@id\":\"https:\\\/\\\/montrealdanse.com\\\/en\\\/people\\\/sebastian-kann\\\/\",\"url\":\"https:\\\/\\\/montrealdanse.com\\\/en\\\/people\\\/sebastian-kann\\\/\",\"name\":\"Sebastian Kann - Montr\u00e9al Danse\",\"isPartOf\":{\"@id\":\"https:\\\/\\\/montrealdanse.com\\\/#website\"},\"primaryImageOfPage\":{\"@id\":\"https:\\\/\\\/montrealdanse.com\\\/en\\\/people\\\/sebastian-kann\\\/#primaryimage\"},\"image\":{\"@id\":\"https:\\\/\\\/montrealdanse.com\\\/en\\\/people\\\/sebastian-kann\\\/#primaryimage\"},\"thumbnailUrl\":\"https:\\\/\\\/montrealdanse.com\\\/wp-content\\\/uploads\\\/2022\\\/01\\\/collaborateur-Sebastian-Kann.jpg\",\"datePublished\":\"2022-01-11T19:05:01+00:00\",\"dateModified\":\"2022-04-14T15:13:52+00:00\",\"breadcrumb\":{\"@id\":\"https:\\\/\\\/montrealdanse.com\\\/en\\\/people\\\/sebastian-kann\\\/#breadcrumb\"},\"inLanguage\":\"en-US\",\"potentialAction\":[{\"@type\":\"ReadAction\",\"target\":[\"https:\\\/\\\/montrealdanse.com\\\/en\\\/people\\\/sebastian-kann\\\/\"]}]},{\"@type\":\"ImageObject\",\"inLanguage\":\"en-US\",\"@id\":\"https:\\\/\\\/montrealdanse.com\\\/en\\\/people\\\/sebastian-kann\\\/#primaryimage\",\"url\":\"https:\\\/\\\/montrealdanse.com\\\/wp-content\\\/uploads\\\/2022\\\/01\\\/collaborateur-Sebastian-Kann.jpg\",\"contentUrl\":\"https:\\\/\\\/montrealdanse.com\\\/wp-content\\\/uploads\\\/2022\\\/01\\\/collaborateur-Sebastian-Kann.jpg\",\"width\":700,\"height\":700},{\"@type\":\"BreadcrumbList\",\"@id\":\"https:\\\/\\\/montrealdanse.com\\\/en\\\/people\\\/sebastian-kann\\\/#breadcrumb\",\"itemListElement\":[{\"@type\":\"ListItem\",\"position\":1,\"name\":\"Accueil\",\"item\":\"https:\\\/\\\/montrealdanse.com\\\/en\\\/\"},{\"@type\":\"ListItem\",\"position\":2,\"name\":\"Sebastian Kann\"}]},{\"@type\":\"WebSite\",\"@id\":\"https:\\\/\\\/montrealdanse.com\\\/#website\",\"url\":\"https:\\\/\\\/montrealdanse.com\\\/\",\"name\":\"Montr\u00e9al Danse\",\"description\":\"Plateforme de d\u00e9veloppement chor\u00e9graphique\",\"publisher\":{\"@id\":\"https:\\\/\\\/montrealdanse.com\\\/#organization\"},\"potentialAction\":[{\"@type\":\"SearchAction\",\"target\":{\"@type\":\"EntryPoint\",\"urlTemplate\":\"https:\\\/\\\/montrealdanse.com\\\/?s={search_term_string}\"},\"query-input\":{\"@type\":\"PropertyValueSpecification\",\"valueRequired\":true,\"valueName\":\"search_term_string\"}}],\"inLanguage\":\"en-US\"},{\"@type\":\"Organization\",\"@id\":\"https:\\\/\\\/montrealdanse.com\\\/#organization\",\"name\":\"Montr\u00e9al Danse\",\"url\":\"https:\\\/\\\/montrealdanse.com\\\/\",\"logo\":{\"@type\":\"ImageObject\",\"inLanguage\":\"en-US\",\"@id\":\"https:\\\/\\\/montrealdanse.com\\\/#\\\/schema\\\/logo\\\/image\\\/\",\"url\":\"https:\\\/\\\/montrealdanse.com\\\/wp-content\\\/uploads\\\/2020\\\/06\\\/MTLdanse-logo-gris.png\",\"contentUrl\":\"https:\\\/\\\/montrealdanse.com\\\/wp-content\\\/uploads\\\/2020\\\/06\\\/MTLdanse-logo-gris.png\",\"width\":550,\"height\":617,\"caption\":\"Montr\u00e9al Danse\"},\"image\":{\"@id\":\"https:\\\/\\\/montrealdanse.com\\\/#\\\/schema\\\/logo\\\/image\\\/\"},\"sameAs\":[\"https:\\\/\\\/www.facebook.com\\\/montrealdanse\\\/\",\"https:\\\/\\\/www.youtube.com\\\/channel\\\/UChK7CVWngZK7unMUi_rALhg\"]}]}<\/script>\n<!-- \/ Yoast SEO plugin. -->","yoast_head_json":{"title":"Sebastian Kann - Montr\u00e9al Danse","robots":{"index":"index","follow":"follow","max-snippet":"max-snippet:-1","max-image-preview":"max-image-preview:large","max-video-preview":"max-video-preview:-1"},"canonical":"https:\/\/montrealdanse.com\/en\/people\/sebastian-kann\/","og_locale":"en_US","og_type":"article","og_title":"Sebastian Kann - Montr\u00e9al Danse","og_description":"Sebastian Kann (he\/him) is a performer, theorist, dramaturg and performance maker. A graduate of the National Circus School in Montreal, his practice has been shaped by formative encounters with circus and dance communities in both Europe and North America. His most recent performance, Always \/ Beautiful (created in 2019 with Natalie Oleinik), asks questions about [&hellip;]","og_url":"https:\/\/montrealdanse.com\/en\/people\/sebastian-kann\/","og_site_name":"Montr\u00e9al Danse","article_publisher":"https:\/\/www.facebook.com\/montrealdanse\/","article_modified_time":"2022-04-14T15:13:52+00:00","og_image":[{"width":700,"height":700,"url":"https:\/\/montrealdanse.com\/wp-content\/uploads\/2022\/01\/collaborateur-Sebastian-Kann.jpg","type":"image\/jpeg"}],"twitter_card":"summary_large_image","twitter_misc":{"Est. reading time":"1 minute"},"schema":{"@context":"https:\/\/schema.org","@graph":[{"@type":"WebPage","@id":"https:\/\/montrealdanse.com\/en\/people\/sebastian-kann\/","url":"https:\/\/montrealdanse.com\/en\/people\/sebastian-kann\/","name":"Sebastian Kann - Montr\u00e9al Danse","isPartOf":{"@id":"https:\/\/montrealdanse.com\/#website"},"primaryImageOfPage":{"@id":"https:\/\/montrealdanse.com\/en\/people\/sebastian-kann\/#primaryimage"},"image":{"@id":"https:\/\/montrealdanse.com\/en\/people\/sebastian-kann\/#primaryimage"},"thumbnailUrl":"https:\/\/montrealdanse.com\/wp-content\/uploads\/2022\/01\/collaborateur-Sebastian-Kann.jpg","datePublished":"2022-01-11T19:05:01+00:00","dateModified":"2022-04-14T15:13:52+00:00","breadcrumb":{"@id":"https:\/\/montrealdanse.com\/en\/people\/sebastian-kann\/#breadcrumb"},"inLanguage":"en-US","potentialAction":[{"@type":"ReadAction","target":["https:\/\/montrealdanse.com\/en\/people\/sebastian-kann\/"]}]},{"@type":"ImageObject","inLanguage":"en-US","@id":"https:\/\/montrealdanse.com\/en\/people\/sebastian-kann\/#primaryimage","url":"https:\/\/montrealdanse.com\/wp-content\/uploads\/2022\/01\/collaborateur-Sebastian-Kann.jpg","contentUrl":"https:\/\/montrealdanse.com\/wp-content\/uploads\/2022\/01\/collaborateur-Sebastian-Kann.jpg","width":700,"height":700},{"@type":"BreadcrumbList","@id":"https:\/\/montrealdanse.com\/en\/people\/sebastian-kann\/#breadcrumb","itemListElement":[{"@type":"ListItem","position":1,"name":"Accueil","item":"https:\/\/montrealdanse.com\/en\/"},{"@type":"ListItem","position":2,"name":"Sebastian Kann"}]},{"@type":"WebSite","@id":"https:\/\/montrealdanse.com\/#website","url":"https:\/\/montrealdanse.com\/","name":"Montr\u00e9al Danse","description":"Plateforme de d\u00e9veloppement chor\u00e9graphique","publisher":{"@id":"https:\/\/montrealdanse.com\/#organization"},"potentialAction":[{"@type":"SearchAction","target":{"@type":"EntryPoint","urlTemplate":"https:\/\/montrealdanse.com\/?s={search_term_string}"},"query-input":{"@type":"PropertyValueSpecification","valueRequired":true,"valueName":"search_term_string"}}],"inLanguage":"en-US"},{"@type":"Organization","@id":"https:\/\/montrealdanse.com\/#organization","name":"Montr\u00e9al Danse","url":"https:\/\/montrealdanse.com\/","logo":{"@type":"ImageObject","inLanguage":"en-US","@id":"https:\/\/montrealdanse.com\/#\/schema\/logo\/image\/","url":"https:\/\/montrealdanse.com\/wp-content\/uploads\/2020\/06\/MTLdanse-logo-gris.png","contentUrl":"https:\/\/montrealdanse.com\/wp-content\/uploads\/2020\/06\/MTLdanse-logo-gris.png","width":550,"height":617,"caption":"Montr\u00e9al Danse"},"image":{"@id":"https:\/\/montrealdanse.com\/#\/schema\/logo\/image\/"},"sameAs":["https:\/\/www.facebook.com\/montrealdanse\/","https:\/\/www.youtube.com\/channel\/UChK7CVWngZK7unMUi_rALhg"]}]}},"_links":{"self":[{"href":"https:\/\/montrealdanse.com\/en\/wp-json\/wp\/v2\/collaborateurs\/2716","targetHints":{"allow":["GET"]}}],"collection":[{"href":"https:\/\/montrealdanse.com\/en\/wp-json\/wp\/v2\/collaborateurs"}],"about":[{"href":"https:\/\/montrealdanse.com\/en\/wp-json\/wp\/v2\/types\/collaborateurs"}],"author":[{"embeddable":true,"href":"https:\/\/montrealdanse.com\/en\/wp-json\/wp\/v2\/users\/1"}],"version-history":[{"count":2,"href":"https:\/\/montrealdanse.com\/en\/wp-json\/wp\/v2\/collaborateurs\/2716\/revisions"}],"predecessor-version":[{"id":3637,"href":"https:\/\/montrealdanse.com\/en\/wp-json\/wp\/v2\/collaborateurs\/2716\/revisions\/3637"}],"wp:featuredmedia":[{"embeddable":true,"href":"https:\/\/montrealdanse.com\/en\/wp-json\/wp\/v2\/media\/2486"}],"wp:attachment":[{"href":"https:\/\/montrealdanse.com\/en\/wp-json\/wp\/v2\/media?parent=2716"}],"wp:term":[{"taxonomy":"categories_collaborateurs","embeddable":true,"href":"https:\/\/montrealdanse.com\/en\/wp-json\/wp\/v2\/categories_collaborateurs?post=2716"}],"curies":[{"name":"wp","href":"https:\/\/api.w.org\/{rel}","templated":true}]}}

<p>Sebastian Kann (he/him) is a performer, theorist, dramaturg and performance maker. A graduate of the National Circus School in Montreal, his practice has been shaped by formative encounters with circus and dance communities in both Europe and North America. His most recent performance, <em>Always / Beautiful</em> (created in 2019 with Natalie Oleinik), asks questions about why and how to stage technical virtuosity in the context of exhausting, performance-oriented success culture. Kann is active as a writer, most recently co-editing <em>Thinking Through Circus </em>(APE Books, 2020), a collection of circus writing to which he also contributed a chapter. In his studio practice, he takes aim at collective fantasies of embodiment, autonomy, and spontaneity, in an attempt to make palpable some of the ways liberalism has rendered these concepts difficult, incoherent, or impossible. As a dramaturge, he works extensively with the independent circus scene in Québec, supporting the creative processes of Emile Pineault, François Bouvier, and the Chita Project (Anna Kichtchenko and Pablo Pramparo), among others.  He lives in Montreal / Tiohtiá:ke, on the expropriated land of the Kanien’kehá:ka (Haudenosaunee Confederacy).</p>

<!-- This site is optimized with the Yoast SEO plugin v27.5 - https://yoast.com/product/yoast-seo-wordpress/ -->
<title>Sebastian Kann - Montréal Danse</title>
<meta name="robots" content="index, follow, max-snippet:-1, max-image-preview:large, max-video-preview:-1" />
<link rel="canonical" href="https://montrealdanse.com/en/people/sebastian-kann/" />
<meta property="og:locale" content="en_US" />
<meta property="og:type" content="article" />
<meta property="og:title" content="Sebastian Kann - Montréal Danse" />
<meta property="og:description" content="Sebastian Kann (he/him) is a performer, theorist, dramaturg and performance maker. A graduate of the National Circus School in Montreal, his practice has been shaped by formative encounters with circus and dance communities in both Europe and North America. His most recent performance, Always / Beautiful (created in 2019 with Natalie Oleinik), asks questions about [&hellip;]" />
<meta property="og:url" content="https://montrealdanse.com/en/people/sebastian-kann/" />
<meta property="og:site_name" content="Montréal Danse" />
<meta property="article:publisher" content="https://www.facebook.com/montrealdanse/" />
<meta property="article:modified_time" content="2022-04-14T15:13:52+00:00" />
<meta property="og:image" content="https://montrealdanse.com/wp-content/uploads/2022/01/collaborateur-Sebastian-Kann.jpg" />
	<meta property="og:image:width" content="700" />
	<meta property="og:image:height" content="700" />
	<meta property="og:image:type" content="image/jpeg" />
<meta name="twitter:card" content="summary_large_image" />
<meta name="twitter:label1" content="Est. reading time" />
	<meta name="twitter:data1" content="1 minute" />
<script type="application/ld+json" class="yoast-schema-graph">{"@context":"https:\/\/schema.org","@graph":[{"@type":"WebPage","@id":"https:\/\/montrealdanse.com\/en\/people\/sebastian-kann\/","url":"https:\/\/montrealdanse.com\/en\/people\/sebastian-kann\/","name":"Sebastian Kann - Montréal Danse","isPartOf":{"@id":"https:\/\/montrealdanse.com\/#website"},"primaryImageOfPage":{"@id":"https:\/\/montrealdanse.com\/en\/people\/sebastian-kann\/#primaryimage"},"image":{"@id":"https:\/\/montrealdanse.com\/en\/people\/sebastian-kann\/#primaryimage"},"thumbnailUrl":"https:\/\/montrealdanse.com\/wp-content\/uploads\/2022\/01\/collaborateur-Sebastian-Kann.jpg","datePublished":"2022-01-11T19:05:01+00:00","dateModified":"2022-04-14T15:13:52+00:00","breadcrumb":{"@id":"https:\/\/montrealdanse.com\/en\/people\/sebastian-kann\/#breadcrumb"},"inLanguage":"en-US","potentialAction":[{"@type":"ReadAction","target":["https:\/\/montrealdanse.com\/en\/people\/sebastian-kann\/"]}]},{"@type":"ImageObject","inLanguage":"en-US","@id":"https:\/\/montrealdanse.com\/en\/people\/sebastian-kann\/#primaryimage","url":"https:\/\/montrealdanse.com\/wp-content\/uploads\/2022\/01\/collaborateur-Sebastian-Kann.jpg","contentUrl":"https:\/\/montrealdanse.com\/wp-content\/uploads\/2022\/01\/collaborateur-Sebastian-Kann.jpg","width":700,"height":700},{"@type":"BreadcrumbList","@id":"https:\/\/montrealdanse.com\/en\/people\/sebastian-kann\/#breadcrumb","itemListElement":[{"@type":"ListItem","position":1,"name":"Accueil","item":"https:\/\/montrealdanse.com\/en\/"},{"@type":"ListItem","position":2,"name":"Sebastian Kann"}]},{"@type":"WebSite","@id":"https:\/\/montrealdanse.com\/#website","url":"https:\/\/montrealdanse.com\/","name":"Montréal Danse","description":"Plateforme de développement chorégraphique","publisher":{"@id":"https:\/\/montrealdanse.com\/#organization"},"potentialAction":[{"@type":"SearchAction","target":{"@type":"EntryPoint","urlTemplate":"https:\/\/montrealdanse.com\/?s={search_term_string}"},"query-input":{"@type":"PropertyValueSpecification","valueRequired":true,"valueName":"search_term_string"}}],"inLanguage":"en-US"},{"@type":"Organization","@id":"https:\/\/montrealdanse.com\/#organization","name":"Montréal Danse","url":"https:\/\/montrealdanse.com\/","logo":{"@type":"ImageObject","inLanguage":"en-US","@id":"https:\/\/montrealdanse.com\/#\/schema\/logo\/image\/","url":"https:\/\/montrealdanse.com\/wp-content\/uploads\/2020\/06\/MTLdanse-logo-gris.png","contentUrl":"https:\/\/montrealdanse.com\/wp-content\/uploads\/2020\/06\/MTLdanse-logo-gris.png","width":550,"height":617,"caption":"Montréal Danse"},"image":{"@id":"https:\/\/montrealdanse.com\/#\/schema\/logo\/image\/"},"sameAs":["https:\/\/www.facebook.com\/montrealdanse\/","https:\/\/www.youtube.com\/channel\/UChK7CVWngZK7unMUi_rALhg"]}]}</script>
<!-- / Yoast SEO plugin. -->

Sebastian Kann - Montréal Danse

Montréal Danse

Plateforme de développement chorégraphique
