{"id":2697,"date":"2022-01-11T19:22:40","date_gmt":"2022-01-11T19:22:40","guid":{"rendered":"https:\/\/montrealdanse.com\/?post_type=collaborateurs&#038;p=2697"},"modified":"2022-03-31T16:19:10","modified_gmt":"2022-03-31T16:19:10","slug":"linda-rabin","status":"publish","type":"collaborateurs","link":"https:\/\/montrealdanse.com\/en\/people\/linda-rabin\/","title":{"rendered":"Linda Rabin"},"content":{"rendered":"<p>Linda Rabin\u00a0brings to her teaching 50 years of experience in the fields of dance, movement education, coaching and directing. In her earlier professional life she was a choreographer, dance teacher and co-founder of l\u2019\u00c9cole de danse contemporaine de Montr\u00e9al (founded in 1981). In the 1990\u2019s Linda turned her attention to somatic education and became a certified practitioner of Body-Mind Centering\u00ae, and an authorized teacher of Continuum, the practice that is at the heart of her teaching today. As an international Continuum workshop leader, Linda teaches in her native Montreal, in Canada, Europe and Asia. She shares her life\u2019s passion with people from all walks of life: movement both as art and healing, as a way of life knowledge and spiritual practice.<\/p>\n","protected":false},"excerpt":{"rendered":"<p>Linda Rabin\u00a0brings to her teaching 50 years of experience in the fields of dance, movement education, coaching and directing. In her earlier professional life she was a choreographer, dance teacher and co-founder of l\u2019\u00c9cole de danse contemporaine de Montr\u00e9al (founded in 1981). In the 1990\u2019s Linda turned her attention to somatic education and became a [&hellip;]<\/p>\n","protected":false},"author":1,"featured_media":2491,"menu_order":0,"template":"","meta":{"_acf_changed":false,"site-sidebar-layout":"default","site-content-layout":"default","ast-site-content-layout":"default","site-content-style":"default","site-sidebar-style":"default","ast-global-header-display":"","ast-banner-title-visibility":"","ast-main-header-display":"","ast-hfb-above-header-display":"","ast-hfb-below-header-display":"","ast-hfb-mobile-header-display":"","site-post-title":"","ast-breadcrumbs-content":"","ast-featured-img":"","footer-sml-layout":"","ast-disable-related-posts":"","theme-transparent-header-meta":"","adv-header-id-meta":"","stick-header-meta":"","header-above-stick-meta":"","header-main-stick-meta":"","header-below-stick-meta":"","astra-migrate-meta-layouts":"default","ast-page-background-enabled":"default","ast-page-background-meta":{"desktop":{"background-color":"","background-image":"","background-repeat":"repeat","background-position":"center center","background-size":"auto","background-attachment":"scroll","background-type":"","background-media":"","overlay-type":"","overlay-color":"","overlay-opacity":"","overlay-gradient":""},"tablet":{"background-color":"","background-image":"","background-repeat":"repeat","background-position":"center center","background-size":"auto","background-attachment":"scroll","background-type":"","background-media":"","overlay-type":"","overlay-color":"","overlay-opacity":"","overlay-gradient":""},"mobile":{"background-color":"","background-image":"","background-repeat":"repeat","background-position":"center center","background-size":"auto","background-attachment":"scroll","background-type":"","background-media":"","overlay-type":"","overlay-color":"","overlay-opacity":"","overlay-gradient":""}},"ast-content-background-meta":{"desktop":{"background-color":"var(--ast-global-color-5)","background-image":"","background-repeat":"repeat","background-position":"center center","background-size":"auto","background-attachment":"scroll","background-type":"","background-media":"","overlay-type":"","overlay-color":"","overlay-opacity":"","overlay-gradient":""},"tablet":{"background-color":"var(--ast-global-color-5)","background-image":"","background-repeat":"repeat","background-position":"center center","background-size":"auto","background-attachment":"scroll","background-type":"","background-media":"","overlay-type":"","overlay-color":"","overlay-opacity":"","overlay-gradient":""},"mobile":{"background-color":"var(--ast-global-color-5)","background-image":"","background-repeat":"repeat","background-position":"center center","background-size":"auto","background-attachment":"scroll","background-type":"","background-media":"","overlay-type":"","overlay-color":"","overlay-opacity":"","overlay-gradient":""}},"footnotes":""},"categories_collaborateurs":[47],"class_list":["post-2697","collaborateurs","type-collaborateurs","status-publish","has-post-thumbnail","hentry","categories_collaborateurs-collaborator"],"acf":[],"yoast_head":"<!-- This site is optimized with the Yoast SEO plugin v27.5 - https:\/\/yoast.com\/product\/yoast-seo-wordpress\/ -->\n<title>Linda Rabin - Montr\u00e9al Danse<\/title>\n<meta name=\"robots\" content=\"index, follow, max-snippet:-1, max-image-preview:large, max-video-preview:-1\" \/>\n<link rel=\"canonical\" href=\"https:\/\/montrealdanse.com\/en\/people\/linda-rabin\/\" \/>\n<meta property=\"og:locale\" content=\"en_US\" \/>\n<meta property=\"og:type\" content=\"article\" \/>\n<meta property=\"og:title\" content=\"Linda Rabin - Montr\u00e9al Danse\" \/>\n<meta property=\"og:description\" content=\"Linda Rabin\u00a0brings to her teaching 50 years of experience in the fields of dance, movement education, coaching and directing. In her earlier professional life she was a choreographer, dance teacher and co-founder of l\u2019\u00c9cole de danse contemporaine de Montr\u00e9al (founded in 1981). In the 1990\u2019s Linda turned her attention to somatic education and became a [&hellip;]\" \/>\n<meta property=\"og:url\" content=\"https:\/\/montrealdanse.com\/en\/people\/linda-rabin\/\" \/>\n<meta property=\"og:site_name\" content=\"Montr\u00e9al Danse\" \/>\n<meta property=\"article:publisher\" content=\"https:\/\/www.facebook.com\/montrealdanse\/\" \/>\n<meta property=\"article:modified_time\" content=\"2022-03-31T16:19:10+00:00\" \/>\n<meta property=\"og:image\" content=\"https:\/\/montrealdanse.com\/wp-content\/uploads\/2022\/01\/collaborateur-Linda-Rabin.jpg\" \/>\n\t<meta property=\"og:image:width\" content=\"700\" \/>\n\t<meta property=\"og:image:height\" content=\"700\" \/>\n\t<meta property=\"og:image:type\" content=\"image\/jpeg\" \/>\n<meta name=\"twitter:card\" content=\"summary_large_image\" \/>\n<meta name=\"twitter:label1\" content=\"Est. reading time\" \/>\n\t<meta name=\"twitter:data1\" content=\"1 minute\" \/>\n<script type=\"application\/ld+json\" class=\"yoast-schema-graph\">{\"@context\":\"https:\\\/\\\/schema.org\",\"@graph\":[{\"@type\":\"WebPage\",\"@id\":\"https:\\\/\\\/montrealdanse.com\\\/en\\\/people\\\/linda-rabin\\\/\",\"url\":\"https:\\\/\\\/montrealdanse.com\\\/en\\\/people\\\/linda-rabin\\\/\",\"name\":\"Linda Rabin - Montr\u00e9al Danse\",\"isPartOf\":{\"@id\":\"https:\\\/\\\/montrealdanse.com\\\/#website\"},\"primaryImageOfPage\":{\"@id\":\"https:\\\/\\\/montrealdanse.com\\\/en\\\/people\\\/linda-rabin\\\/#primaryimage\"},\"image\":{\"@id\":\"https:\\\/\\\/montrealdanse.com\\\/en\\\/people\\\/linda-rabin\\\/#primaryimage\"},\"thumbnailUrl\":\"https:\\\/\\\/montrealdanse.com\\\/wp-content\\\/uploads\\\/2022\\\/01\\\/collaborateur-Linda-Rabin.jpg\",\"datePublished\":\"2022-01-11T19:22:40+00:00\",\"dateModified\":\"2022-03-31T16:19:10+00:00\",\"breadcrumb\":{\"@id\":\"https:\\\/\\\/montrealdanse.com\\\/en\\\/people\\\/linda-rabin\\\/#breadcrumb\"},\"inLanguage\":\"en-US\",\"potentialAction\":[{\"@type\":\"ReadAction\",\"target\":[\"https:\\\/\\\/montrealdanse.com\\\/en\\\/people\\\/linda-rabin\\\/\"]}]},{\"@type\":\"ImageObject\",\"inLanguage\":\"en-US\",\"@id\":\"https:\\\/\\\/montrealdanse.com\\\/en\\\/people\\\/linda-rabin\\\/#primaryimage\",\"url\":\"https:\\\/\\\/montrealdanse.com\\\/wp-content\\\/uploads\\\/2022\\\/01\\\/collaborateur-Linda-Rabin.jpg\",\"contentUrl\":\"https:\\\/\\\/montrealdanse.com\\\/wp-content\\\/uploads\\\/2022\\\/01\\\/collaborateur-Linda-Rabin.jpg\",\"width\":700,\"height\":700},{\"@type\":\"BreadcrumbList\",\"@id\":\"https:\\\/\\\/montrealdanse.com\\\/en\\\/people\\\/linda-rabin\\\/#breadcrumb\",\"itemListElement\":[{\"@type\":\"ListItem\",\"position\":1,\"name\":\"Accueil\",\"item\":\"https:\\\/\\\/montrealdanse.com\\\/en\\\/\"},{\"@type\":\"ListItem\",\"position\":2,\"name\":\"Linda Rabin\"}]},{\"@type\":\"WebSite\",\"@id\":\"https:\\\/\\\/montrealdanse.com\\\/#website\",\"url\":\"https:\\\/\\\/montrealdanse.com\\\/\",\"name\":\"Montr\u00e9al Danse\",\"description\":\"Plateforme de d\u00e9veloppement chor\u00e9graphique\",\"publisher\":{\"@id\":\"https:\\\/\\\/montrealdanse.com\\\/#organization\"},\"potentialAction\":[{\"@type\":\"SearchAction\",\"target\":{\"@type\":\"EntryPoint\",\"urlTemplate\":\"https:\\\/\\\/montrealdanse.com\\\/?s={search_term_string}\"},\"query-input\":{\"@type\":\"PropertyValueSpecification\",\"valueRequired\":true,\"valueName\":\"search_term_string\"}}],\"inLanguage\":\"en-US\"},{\"@type\":\"Organization\",\"@id\":\"https:\\\/\\\/montrealdanse.com\\\/#organization\",\"name\":\"Montr\u00e9al Danse\",\"url\":\"https:\\\/\\\/montrealdanse.com\\\/\",\"logo\":{\"@type\":\"ImageObject\",\"inLanguage\":\"en-US\",\"@id\":\"https:\\\/\\\/montrealdanse.com\\\/#\\\/schema\\\/logo\\\/image\\\/\",\"url\":\"https:\\\/\\\/montrealdanse.com\\\/wp-content\\\/uploads\\\/2020\\\/06\\\/MTLdanse-logo-gris.png\",\"contentUrl\":\"https:\\\/\\\/montrealdanse.com\\\/wp-content\\\/uploads\\\/2020\\\/06\\\/MTLdanse-logo-gris.png\",\"width\":550,\"height\":617,\"caption\":\"Montr\u00e9al Danse\"},\"image\":{\"@id\":\"https:\\\/\\\/montrealdanse.com\\\/#\\\/schema\\\/logo\\\/image\\\/\"},\"sameAs\":[\"https:\\\/\\\/www.facebook.com\\\/montrealdanse\\\/\",\"https:\\\/\\\/www.youtube.com\\\/channel\\\/UChK7CVWngZK7unMUi_rALhg\"]}]}<\/script>\n<!-- \/ Yoast SEO plugin. -->","yoast_head_json":{"title":"Linda Rabin - Montr\u00e9al Danse","robots":{"index":"index","follow":"follow","max-snippet":"max-snippet:-1","max-image-preview":"max-image-preview:large","max-video-preview":"max-video-preview:-1"},"canonical":"https:\/\/montrealdanse.com\/en\/people\/linda-rabin\/","og_locale":"en_US","og_type":"article","og_title":"Linda Rabin - Montr\u00e9al Danse","og_description":"Linda Rabin\u00a0brings to her teaching 50 years of experience in the fields of dance, movement education, coaching and directing. In her earlier professional life she was a choreographer, dance teacher and co-founder of l\u2019\u00c9cole de danse contemporaine de Montr\u00e9al (founded in 1981). In the 1990\u2019s Linda turned her attention to somatic education and became a [&hellip;]","og_url":"https:\/\/montrealdanse.com\/en\/people\/linda-rabin\/","og_site_name":"Montr\u00e9al Danse","article_publisher":"https:\/\/www.facebook.com\/montrealdanse\/","article_modified_time":"2022-03-31T16:19:10+00:00","og_image":[{"width":700,"height":700,"url":"https:\/\/montrealdanse.com\/wp-content\/uploads\/2022\/01\/collaborateur-Linda-Rabin.jpg","type":"image\/jpeg"}],"twitter_card":"summary_large_image","twitter_misc":{"Est. reading time":"1 minute"},"schema":{"@context":"https:\/\/schema.org","@graph":[{"@type":"WebPage","@id":"https:\/\/montrealdanse.com\/en\/people\/linda-rabin\/","url":"https:\/\/montrealdanse.com\/en\/people\/linda-rabin\/","name":"Linda Rabin - Montr\u00e9al Danse","isPartOf":{"@id":"https:\/\/montrealdanse.com\/#website"},"primaryImageOfPage":{"@id":"https:\/\/montrealdanse.com\/en\/people\/linda-rabin\/#primaryimage"},"image":{"@id":"https:\/\/montrealdanse.com\/en\/people\/linda-rabin\/#primaryimage"},"thumbnailUrl":"https:\/\/montrealdanse.com\/wp-content\/uploads\/2022\/01\/collaborateur-Linda-Rabin.jpg","datePublished":"2022-01-11T19:22:40+00:00","dateModified":"2022-03-31T16:19:10+00:00","breadcrumb":{"@id":"https:\/\/montrealdanse.com\/en\/people\/linda-rabin\/#breadcrumb"},"inLanguage":"en-US","potentialAction":[{"@type":"ReadAction","target":["https:\/\/montrealdanse.com\/en\/people\/linda-rabin\/"]}]},{"@type":"ImageObject","inLanguage":"en-US","@id":"https:\/\/montrealdanse.com\/en\/people\/linda-rabin\/#primaryimage","url":"https:\/\/montrealdanse.com\/wp-content\/uploads\/2022\/01\/collaborateur-Linda-Rabin.jpg","contentUrl":"https:\/\/montrealdanse.com\/wp-content\/uploads\/2022\/01\/collaborateur-Linda-Rabin.jpg","width":700,"height":700},{"@type":"BreadcrumbList","@id":"https:\/\/montrealdanse.com\/en\/people\/linda-rabin\/#breadcrumb","itemListElement":[{"@type":"ListItem","position":1,"name":"Accueil","item":"https:\/\/montrealdanse.com\/en\/"},{"@type":"ListItem","position":2,"name":"Linda Rabin"}]},{"@type":"WebSite","@id":"https:\/\/montrealdanse.com\/#website","url":"https:\/\/montrealdanse.com\/","name":"Montr\u00e9al Danse","description":"Plateforme de d\u00e9veloppement chor\u00e9graphique","publisher":{"@id":"https:\/\/montrealdanse.com\/#organization"},"potentialAction":[{"@type":"SearchAction","target":{"@type":"EntryPoint","urlTemplate":"https:\/\/montrealdanse.com\/?s={search_term_string}"},"query-input":{"@type":"PropertyValueSpecification","valueRequired":true,"valueName":"search_term_string"}}],"inLanguage":"en-US"},{"@type":"Organization","@id":"https:\/\/montrealdanse.com\/#organization","name":"Montr\u00e9al Danse","url":"https:\/\/montrealdanse.com\/","logo":{"@type":"ImageObject","inLanguage":"en-US","@id":"https:\/\/montrealdanse.com\/#\/schema\/logo\/image\/","url":"https:\/\/montrealdanse.com\/wp-content\/uploads\/2020\/06\/MTLdanse-logo-gris.png","contentUrl":"https:\/\/montrealdanse.com\/wp-content\/uploads\/2020\/06\/MTLdanse-logo-gris.png","width":550,"height":617,"caption":"Montr\u00e9al Danse"},"image":{"@id":"https:\/\/montrealdanse.com\/#\/schema\/logo\/image\/"},"sameAs":["https:\/\/www.facebook.com\/montrealdanse\/","https:\/\/www.youtube.com\/channel\/UChK7CVWngZK7unMUi_rALhg"]}]}},"_links":{"self":[{"href":"https:\/\/montrealdanse.com\/en\/wp-json\/wp\/v2\/collaborateurs\/2697","targetHints":{"allow":["GET"]}}],"collection":[{"href":"https:\/\/montrealdanse.com\/en\/wp-json\/wp\/v2\/collaborateurs"}],"about":[{"href":"https:\/\/montrealdanse.com\/en\/wp-json\/wp\/v2\/types\/collaborateurs"}],"author":[{"embeddable":true,"href":"https:\/\/montrealdanse.com\/en\/wp-json\/wp\/v2\/users\/1"}],"version-history":[{"count":2,"href":"https:\/\/montrealdanse.com\/en\/wp-json\/wp\/v2\/collaborateurs\/2697\/revisions"}],"predecessor-version":[{"id":3232,"href":"https:\/\/montrealdanse.com\/en\/wp-json\/wp\/v2\/collaborateurs\/2697\/revisions\/3232"}],"wp:featuredmedia":[{"embeddable":true,"href":"https:\/\/montrealdanse.com\/en\/wp-json\/wp\/v2\/media\/2491"}],"wp:attachment":[{"href":"https:\/\/montrealdanse.com\/en\/wp-json\/wp\/v2\/media?parent=2697"}],"wp:term":[{"taxonomy":"categories_collaborateurs","embeddable":true,"href":"https:\/\/montrealdanse.com\/en\/wp-json\/wp\/v2\/categories_collaborateurs?post=2697"}],"curies":[{"name":"wp","href":"https:\/\/api.w.org\/{rel}","templated":true}]}}

<p>Linda Rabin brings to her teaching 50 years of experience in the fields of dance, movement education, coaching and directing. In her earlier professional life she was a choreographer, dance teacher and co-founder of l’École de danse contemporaine de Montréal (founded in 1981). In the 1990’s Linda turned her attention to somatic education and became a certified practitioner of Body-Mind Centering®, and an authorized teacher of Continuum, the practice that is at the heart of her teaching today. As an international Continuum workshop leader, Linda teaches in her native Montreal, in Canada, Europe and Asia. She shares her life’s passion with people from all walks of life: movement both as art and healing, as a way of life knowledge and spiritual practice.</p>

<p>Linda Rabin brings to her teaching 50 years of experience in the fields of dance, movement education, coaching and directing. In her earlier professional life she was a choreographer, dance teacher and co-founder of l’École de danse contemporaine de Montréal (founded in 1981). In the 1990’s Linda turned her attention to somatic education and became a [&hellip;]</p>

<!-- This site is optimized with the Yoast SEO plugin v27.5 - https://yoast.com/product/yoast-seo-wordpress/ -->
<title>Linda Rabin - Montréal Danse</title>
<meta name="robots" content="index, follow, max-snippet:-1, max-image-preview:large, max-video-preview:-1" />
<link rel="canonical" href="https://montrealdanse.com/en/people/linda-rabin/" />
<meta property="og:locale" content="en_US" />
<meta property="og:type" content="article" />
<meta property="og:title" content="Linda Rabin - Montréal Danse" />
<meta property="og:description" content="Linda Rabin brings to her teaching 50 years of experience in the fields of dance, movement education, coaching and directing. In her earlier professional life she was a choreographer, dance teacher and co-founder of l’École de danse contemporaine de Montréal (founded in 1981). In the 1990’s Linda turned her attention to somatic education and became a [&hellip;]" />
<meta property="og:url" content="https://montrealdanse.com/en/people/linda-rabin/" />
<meta property="og:site_name" content="Montréal Danse" />
<meta property="article:publisher" content="https://www.facebook.com/montrealdanse/" />
<meta property="article:modified_time" content="2022-03-31T16:19:10+00:00" />
<meta property="og:image" content="https://montrealdanse.com/wp-content/uploads/2022/01/collaborateur-Linda-Rabin.jpg" />
	<meta property="og:image:width" content="700" />
	<meta property="og:image:height" content="700" />
	<meta property="og:image:type" content="image/jpeg" />
<meta name="twitter:card" content="summary_large_image" />
<meta name="twitter:label1" content="Est. reading time" />
	<meta name="twitter:data1" content="1 minute" />
<script type="application/ld+json" class="yoast-schema-graph">{"@context":"https:\/\/schema.org","@graph":[{"@type":"WebPage","@id":"https:\/\/montrealdanse.com\/en\/people\/linda-rabin\/","url":"https:\/\/montrealdanse.com\/en\/people\/linda-rabin\/","name":"Linda Rabin - Montréal Danse","isPartOf":{"@id":"https:\/\/montrealdanse.com\/#website"},"primaryImageOfPage":{"@id":"https:\/\/montrealdanse.com\/en\/people\/linda-rabin\/#primaryimage"},"image":{"@id":"https:\/\/montrealdanse.com\/en\/people\/linda-rabin\/#primaryimage"},"thumbnailUrl":"https:\/\/montrealdanse.com\/wp-content\/uploads\/2022\/01\/collaborateur-Linda-Rabin.jpg","datePublished":"2022-01-11T19:22:40+00:00","dateModified":"2022-03-31T16:19:10+00:00","breadcrumb":{"@id":"https:\/\/montrealdanse.com\/en\/people\/linda-rabin\/#breadcrumb"},"inLanguage":"en-US","potentialAction":[{"@type":"ReadAction","target":["https:\/\/montrealdanse.com\/en\/people\/linda-rabin\/"]}]},{"@type":"ImageObject","inLanguage":"en-US","@id":"https:\/\/montrealdanse.com\/en\/people\/linda-rabin\/#primaryimage","url":"https:\/\/montrealdanse.com\/wp-content\/uploads\/2022\/01\/collaborateur-Linda-Rabin.jpg","contentUrl":"https:\/\/montrealdanse.com\/wp-content\/uploads\/2022\/01\/collaborateur-Linda-Rabin.jpg","width":700,"height":700},{"@type":"BreadcrumbList","@id":"https:\/\/montrealdanse.com\/en\/people\/linda-rabin\/#breadcrumb","itemListElement":[{"@type":"ListItem","position":1,"name":"Accueil","item":"https:\/\/montrealdanse.com\/en\/"},{"@type":"ListItem","position":2,"name":"Linda Rabin"}]},{"@type":"WebSite","@id":"https:\/\/montrealdanse.com\/#website","url":"https:\/\/montrealdanse.com\/","name":"Montréal Danse","description":"Plateforme de développement chorégraphique","publisher":{"@id":"https:\/\/montrealdanse.com\/#organization"},"potentialAction":[{"@type":"SearchAction","target":{"@type":"EntryPoint","urlTemplate":"https:\/\/montrealdanse.com\/?s={search_term_string}"},"query-input":{"@type":"PropertyValueSpecification","valueRequired":true,"valueName":"search_term_string"}}],"inLanguage":"en-US"},{"@type":"Organization","@id":"https:\/\/montrealdanse.com\/#organization","name":"Montréal Danse","url":"https:\/\/montrealdanse.com\/","logo":{"@type":"ImageObject","inLanguage":"en-US","@id":"https:\/\/montrealdanse.com\/#\/schema\/logo\/image\/","url":"https:\/\/montrealdanse.com\/wp-content\/uploads\/2020\/06\/MTLdanse-logo-gris.png","contentUrl":"https:\/\/montrealdanse.com\/wp-content\/uploads\/2020\/06\/MTLdanse-logo-gris.png","width":550,"height":617,"caption":"Montréal Danse"},"image":{"@id":"https:\/\/montrealdanse.com\/#\/schema\/logo\/image\/"},"sameAs":["https:\/\/www.facebook.com\/montrealdanse\/","https:\/\/www.youtube.com\/channel\/UChK7CVWngZK7unMUi_rALhg"]}]}</script>
<!-- / Yoast SEO plugin. -->

Linda Rabin - Montréal Danse

Linda Rabin brings to her teaching 50 years of experience in the fields of dance, movement education, coaching and directing. In her earlier professional life she was a choreographer, dance teacher and co-founder of l’École de danse contemporaine de Montréal (founded in 1981). In the 1990’s Linda turned her attention to somatic education and became a [&hellip;]

Montréal Danse

Plateforme de développement chorégraphique
